{"id":104,"date":"2025-05-28T07:39:54","date_gmt":"2025-05-28T07:39:54","guid":{"rendered":"https:\/\/www.mutuacat.cat\/empresa\/?page_id=104"},"modified":"2026-04-23T08:07:39","modified_gmt":"2026-04-23T08:07:39","slug":"convenis-accidents","status":"publish","type":"page","link":"https:\/\/www.mutuacat.cat\/empresa\/assegurances\/convenis-accidents\/","title":{"rendered":"Convenis Accidents"},"content":{"rendered":"\t\t<div data-elementor-type=\"wp-page\" data-elementor-id=\"104\" class=\"elementor elementor-104\" data-elementor-post-type=\"page\">\n\t\t\t\t<div class=\"elementor-element elementor-element-71665d2 e-con-full e-flex e-con e-parent\" data-id=\"71665d2\" data-element_type=\"container\" data-e-type=\"container\">\n\t\t<div class=\"elementor-element elementor-element-d179218 e-con-full e-flex e-con e-child\" data-id=\"d179218\" data-element_type=\"container\" data-e-type=\"container\" data-settings=\"{&quot;background_background&quot;:&quot;classic&quot;}\">\n\t\t<div class=\"elementor-element elementor-element-c451e8b e-flex e-con-boxed e-con e-child\" data-id=\"c451e8b\" data-element_type=\"container\" data-e-type=\"container\" data-settings=\"{&quot;background_background&quot;:&quot;classic&quot;}\">\n\t\t\t\t\t<div class=\"e-con-inner\">\n\t\t<div class=\"elementor-element elementor-element-a64c99f e-con-full e-flex e-con e-child\" data-id=\"a64c99f\" data-element_type=\"container\" data-e-type=\"container\">\n\t\t<div class=\"elementor-element elementor-element-80873c9 e-con-full e-flex e-con e-child\" data-id=\"80873c9\" data-element_type=\"container\" data-e-type=\"container\">\n\t\t<div class=\"elementor-element elementor-element-0ce8ee5 e-con-full e-flex e-con e-child\" data-id=\"0ce8ee5\" data-element_type=\"container\" data-e-type=\"container\">\n\t\t<div class=\"elementor-element elementor-element-3dac296 e-con-full e-flex e-con e-child\" data-id=\"3dac296\" data-element_type=\"container\" data-e-type=\"container\">\n\t\t\t\t<div class=\"elementor-element elementor-element-c3fa59e elementor-widget elementor-widget-elementskit-heading\" data-id=\"c3fa59e\" data-element_type=\"widget\" data-e-type=\"widget\" data-widget_type=\"elementskit-heading.default\">\n\t\t\t\t<div class=\"elementor-widget-container\">\n\t\t\t\t\t<div class=\"ekit-wid-con\" ><div class=\"ekit-heading elementskit-section-title-wraper text_left   ekit_heading_tablet-   ekit_heading_mobile-\"><div class=\"ekit-heading--title elementskit-section-title \">Assegurances de<\/div><h1 class=\"ekit-heading--subtitle elementskit-section-subtitle  \">\n\t\t\t\t\t\tConveni col\u00b7lectiu\u200b\n\t\t\t\t\t<\/h1><\/div><\/div>\t\t\t\t<\/div>\n\t\t\t\t<\/div>\n\t\t\t\t<\/div>\n\t\t\t\t<\/div>\n\t\t<div class=\"elementor-element elementor-element-fca7980 e-con-full e-flex e-con e-child\" data-id=\"fca7980\" data-element_type=\"container\" data-e-type=\"container\">\n\t\t<div class=\"elementor-element elementor-element-5f1c20c e-con-full e-flex e-con e-child\" data-id=\"5f1c20c\" data-element_type=\"container\" data-e-type=\"container\">\n\t\t<div class=\"elementor-element elementor-element-56ec47e e-con-full e-flex e-con e-child\" data-id=\"56ec47e\" data-element_type=\"container\" data-e-type=\"container\">\n\t\t\t\t<div class=\"elementor-element elementor-element-4a504a8 elementor-widget elementor-widget-text-editor\" data-id=\"4a504a8\" data-element_type=\"widget\" data-e-type=\"widget\" data-widget_type=\"text-editor.default\">\n\t\t\t\t<div class=\"elementor-widget-container\">\n\t\t\t\t\t\t\t\t\t<p>Protegeix l\u2019actiu m\u00e9s important de la teva empresa:\u00a0<strong>les persones.<\/strong><br \/>L\u2019asseguran\u00e7a de conveni col\u00b7lectiu \u00e9s obligat\u00f2ria per protegir els treballadors i els familiars davant d\u2019una invalidesa o de la mort a conseq\u00fc\u00e8ncia d\u2019un accident laboral.\u00a0<\/p>\t\t\t\t\t\t\t\t<\/div>\n\t\t\t\t<\/div>\n\t\t\t\t<\/div>\n\t\t<div class=\"elementor-element elementor-element-d9a9c58 e-con-full e-flex e-con e-child\" data-id=\"d9a9c58\" data-element_type=\"container\" data-e-type=\"container\">\n\t\t\t\t<div class=\"elementor-element elementor-element-11e2831 elementor-widget elementor-widget-text-editor\" data-id=\"11e2831\" data-element_type=\"widget\" data-e-type=\"widget\" data-widget_type=\"text-editor.default\">\n\t\t\t\t<div class=\"elementor-widget-container\">\n\t\t\t\t\t\t\t\t\t<p>La <strong>no contractaci\u00f3<\/strong>\u00a0prevista al conveni col\u00b7lectiu \u00e9s un incompliment de les obligacions de l\u2019empresa sancionable amb una\u00a0<strong>multa de 6.251 a 187.515 euros.<\/strong><\/p>\t\t\t\t\t\t\t\t<\/div>\n\t\t\t\t<\/div>\n\t\t\t\t<\/div>\n\t\t\t\t<\/div>\n\t\t\t\t<\/div>\n\t\t\t\t<\/div>\n\t\t<div class=\"elementor-element elementor-element-b85b071 e-con-full e-flex e-con e-child\" data-id=\"b85b071\" data-element_type=\"container\" data-e-type=\"container\" id=\"formulari\">\n\t\t\t\t<div class=\"elementor-element elementor-element-33d46a2 elementor-widget elementor-widget-text-editor\" data-id=\"33d46a2\" data-element_type=\"widget\" data-e-type=\"widget\" data-widget_type=\"text-editor.default\">\n\t\t\t\t<div class=\"elementor-widget-container\">\n\t\t\t\t\t\t\t\t\t<p><code><div class='_form_185'><\/div><script type='text\/javascript' src='https:\/\/mutuacat73615.activehosted.com\/f\/embed.php?static=0&#038;id=185&#038;69FB701DB7821&#038;nostyles=0&#038;preview=0'><\/script><\/code><\/p>\t\t\t\t\t\t\t\t<\/div>\n\t\t\t\t<\/div>\n\t\t\t\t<\/div>\n\t\t\t\t<\/div>\n\t\t\t\t\t<\/div>\n\t\t\t\t<\/div>\n\t\t\t\t<\/div>\n\t\t<div class=\"elementor-element elementor-element-f8750ee e-con-full e-flex e-con e-child\" data-id=\"f8750ee\" data-element_type=\"container\" data-e-type=\"container\" data-settings=\"{&quot;background_background&quot;:&quot;classic&quot;}\">\n\t\t\t\t<div class=\"elementor-element elementor-element-cb8263e elementor-align-left elementor-widget elementor-widget-breadcrumbs\" data-id=\"cb8263e\" data-element_type=\"widget\" data-e-type=\"widget\" data-widget_type=\"breadcrumbs.default\">\n\t\t\t\t<div class=\"elementor-widget-container\">\n\t\t\t\t\t<p id=\"breadcrumbs\"><span><span><a href=\"https:\/\/www.mutuacat.cat\/empresa\/\">Inici<\/a><\/span><\/span><\/p>\t\t\t\t<\/div>\n\t\t\t\t<\/div>\n\t\t\t\t<\/div>\n\t\t\t\t<\/div>\n\t\t<div class=\"elementor-element elementor-element-70f460e e-con-full e-flex e-con e-parent\" data-id=\"70f460e\" data-element_type=\"container\" data-e-type=\"container\">\n\t\t<div class=\"elementor-element elementor-element-542f889 e-con-full e-flex elementor-invisible e-con e-child\" data-id=\"542f889\" data-element_type=\"container\" data-e-type=\"container\" data-settings=\"{&quot;animation&quot;:&quot;fadeInDown&quot;,&quot;background_background&quot;:&quot;classic&quot;}\">\n\t\t\t\t<div class=\"elementor-element elementor-element-36585c2 ekit-equal-height-disable elementor-widget elementor-widget-elementskit-icon-box\" data-id=\"36585c2\" data-element_type=\"widget\" data-e-type=\"widget\" data-widget_type=\"elementskit-icon-box.default\">\n\t\t\t\t<div class=\"elementor-widget-container\">\n\t\t\t\t\t<div class=\"ekit-wid-con\" >        <!-- link opening -->\n                <a href=\"#\" class=\"ekit_global_links\">\n                <!-- end link opening -->\n\n        <div class=\"elementskit-infobox text-left text-left icon-top-align elementor-animation-   \">\n                    <div class=\"elementskit-box-header elementor-animation-\">\n                <div class=\"elementskit-info-box-icon  \">\n                    <svg aria-hidden=\"true\" class=\"elementkit-infobox-icon e-font-icon-svg e-fas-retweet\" viewBox=\"0 0 640 512\" xmlns=\"http:\/\/www.w3.org\/2000\/svg\"><path d=\"M629.657 343.598L528.971 444.284c-9.373 9.372-24.568 9.372-33.941 0L394.343 343.598c-9.373-9.373-9.373-24.569 0-33.941l10.823-10.823c9.562-9.562 25.133-9.34 34.419.492L480 342.118V160H292.451a24.005 24.005 0 0 1-16.971-7.029l-16-16C244.361 121.851 255.069 96 276.451 96H520c13.255 0 24 10.745 24 24v222.118l40.416-42.792c9.285-9.831 24.856-10.054 34.419-.492l10.823 10.823c9.372 9.372 9.372 24.569-.001 33.941zm-265.138 15.431A23.999 23.999 0 0 0 347.548 352H160V169.881l40.416 42.792c9.286 9.831 24.856 10.054 34.419.491l10.822-10.822c9.373-9.373 9.373-24.569 0-33.941L144.971 67.716c-9.373-9.373-24.569-9.373-33.941 0L10.343 168.402c-9.373 9.373-9.373 24.569 0 33.941l10.822 10.822c9.562 9.562 25.133 9.34 34.419-.491L96 169.881V392c0 13.255 10.745 24 24 24h243.549c21.382 0 32.09-25.851 16.971-40.971l-16.001-16z\"><\/path><\/svg>\n                <\/div>\n          <\/div>\n                        <div class=\"box-body\">\n                            <h3 class=\"elementskit-info-box-title\">\n                    Actualitzaci\u00f3 autom\u00e0tica                <\/h3>\n                        \t\t  \t<p>Si es modifica el conveni actualitzem autom\u00e0ticament l\u2019asseguran\u00e7a, sense que h\u00e0giu de fer cap gesti\u00f3 extra.<\/p>\n                                <\/div>\n        \n        \n                <\/div>\n                <\/a>\n        <\/div>\t\t\t\t<\/div>\n\t\t\t\t<\/div>\n\t\t\t\t<\/div>\n\t\t<div class=\"elementor-element elementor-element-fda9f53 e-con-full e-flex elementor-invisible e-con e-child\" data-id=\"fda9f53\" data-element_type=\"container\" data-e-type=\"container\" data-settings=\"{&quot;animation&quot;:&quot;fadeInDown&quot;,&quot;background_background&quot;:&quot;classic&quot;}\">\n\t\t\t\t<div class=\"elementor-element elementor-element-19eff3a ekit-equal-height-disable elementor-widget elementor-widget-elementskit-icon-box\" data-id=\"19eff3a\" data-element_type=\"widget\" data-e-type=\"widget\" data-widget_type=\"elementskit-icon-box.default\">\n\t\t\t\t<div class=\"elementor-widget-container\">\n\t\t\t\t\t<div class=\"ekit-wid-con\" >        <!-- link opening -->\n                <a href=\"#\" class=\"ekit_global_links\">\n                <!-- end link opening -->\n\n        <div class=\"elementskit-infobox text-left text-left icon-top-align elementor-animation-   \">\n                    <div class=\"elementskit-box-header elementor-animation-\">\n                <div class=\"elementskit-info-box-icon  \">\n                    <svg aria-hidden=\"true\" class=\"elementkit-infobox-icon e-font-icon-svg e-fas-user-friends\" viewBox=\"0 0 640 512\" xmlns=\"http:\/\/www.w3.org\/2000\/svg\"><path d=\"M192 256c61.9 0 112-50.1 112-112S253.9 32 192 32 80 82.1 80 144s50.1 112 112 112zm76.8 32h-8.3c-20.8 10-43.9 16-68.5 16s-47.6-6-68.5-16h-8.3C51.6 288 0 339.6 0 403.2V432c0 26.5 21.5 48 48 48h288c26.5 0 48-21.5 48-48v-28.8c0-63.6-51.6-115.2-115.2-115.2zM480 256c53 0 96-43 96-96s-43-96-96-96-96 43-96 96 43 96 96 96zm48 32h-3.8c-13.9 4.8-28.6 8-44.2 8s-30.3-3.2-44.2-8H432c-20.4 0-39.2 5.9-55.7 15.4 24.4 26.3 39.7 61.2 39.7 99.8v38.4c0 2.2-.5 4.3-.6 6.4H592c26.5 0 48-21.5 48-48 0-61.9-50.1-112-112-112z\"><\/path><\/svg>\n                <\/div>\n          <\/div>\n                        <div class=\"box-body\">\n                            <h3 class=\"elementskit-info-box-title\">\n                    Regularitzaci\u00f3 anual de treballadors                <\/h3>\n                        \t\t  \t<p>Actualitzem el nombre d\u2019assegurats segons la plantilla real, per garantir que la p\u00f2lissa s\u2019ajusta a les vostres necessitats.<\/p>\n                                <\/div>\n        \n        \n                <\/div>\n                <\/a>\n        <\/div>\t\t\t\t<\/div>\n\t\t\t\t<\/div>\n\t\t\t\t<\/div>\n\t\t<div class=\"elementor-element elementor-element-bd240ab e-con-full e-flex elementor-invisible e-con e-child\" data-id=\"bd240ab\" data-element_type=\"container\" data-e-type=\"container\" data-settings=\"{&quot;animation&quot;:&quot;fadeInDown&quot;,&quot;background_background&quot;:&quot;classic&quot;}\">\n\t\t\t\t<div class=\"elementor-element elementor-element-97d73c6 ekit-equal-height-disable elementor-widget elementor-widget-elementskit-icon-box\" data-id=\"97d73c6\" data-element_type=\"widget\" data-e-type=\"widget\" data-widget_type=\"elementskit-icon-box.default\">\n\t\t\t\t<div class=\"elementor-widget-container\">\n\t\t\t\t\t<div class=\"ekit-wid-con\" >        <!-- link opening -->\n                <a href=\"#\" class=\"ekit_global_links\">\n                <!-- end link opening -->\n\n        <div class=\"elementskit-infobox text-left text-left icon-top-align elementor-animation-   \">\n                    <div class=\"elementskit-box-header elementor-animation-\">\n                <div class=\"elementskit-info-box-icon  \">\n                    <svg aria-hidden=\"true\" class=\"elementkit-infobox-icon e-font-icon-svg e-fas-file-medical\" viewBox=\"0 0 384 512\" xmlns=\"http:\/\/www.w3.org\/2000\/svg\"><path d=\"M377 105L279.1 7c-4.5-4.5-10.6-7-17-7H256v128h128v-6.1c0-6.3-2.5-12.4-7-16.9zm-153 31V0H24C10.7 0 0 10.7 0 24v464c0 13.3 10.7 24 24 24h336c13.3 0 24-10.7 24-24V160H248c-13.2 0-24-10.8-24-24zm64 160v48c0 4.4-3.6 8-8 8h-56v56c0 4.4-3.6 8-8 8h-48c-4.4 0-8-3.6-8-8v-56h-56c-4.4 0-8-3.6-8-8v-48c0-4.4 3.6-8 8-8h56v-56c0-4.4 3.6-8 8-8h48c4.4 0 8 3.6 8 8v56h56c4.4 0 8 3.6 8 8z\"><\/path><\/svg>\n                <\/div>\n          <\/div>\n                        <div class=\"box-body\">\n                            <h3 class=\"elementskit-info-box-title\">\n                    Acc\u00e9s r\u00e0pid a documents i certificats                <\/h3>\n                        \t\t  \t<p>Us facilitem la documentaci\u00f3 que pugui necessitar l\u2019empresa en cas de control o auditoria.\n<\/p>\n                                <\/div>\n        \n        \n                <\/div>\n                <\/a>\n        <\/div>\t\t\t\t<\/div>\n\t\t\t\t<\/div>\n\t\t\t\t<\/div>\n\t\t\t\t<\/div>\n\t\t<div class=\"elementor-element elementor-element-3c50e51 e-flex e-con-boxed e-con e-parent\" data-id=\"3c50e51\" data-element_type=\"container\" data-e-type=\"container\">\n\t\t\t\t\t<div class=\"e-con-inner\">\n\t\t\t\t<div class=\"elementor-element elementor-element-7abcf77 elementor-align-center elementor-widget elementor-widget-button\" data-id=\"7abcf77\" data-element_type=\"widget\" data-e-type=\"widget\" data-widget_type=\"button.default\">\n\t\t\t\t<div class=\"elementor-widget-container\">\n\t\t\t\t\t\t\t\t\t<div class=\"elementor-button-wrapper\">\n\t\t\t\t\t<a class=\"elementor-button elementor-button-link elementor-size-sm\" href=\"#formulari\">\n\t\t\t\t\t\t<span class=\"elementor-button-content-wrapper\">\n\t\t\t\t\t\t\t\t\t<span class=\"elementor-button-text\">Demana m\u00e9s informaci\u00f3<\/span>\n\t\t\t\t\t<\/span>\n\t\t\t\t\t<\/a>\n\t\t\t\t<\/div>\n\t\t\t\t\t\t\t\t<\/div>\n\t\t\t\t<\/div>\n\t\t\t\t\t<\/div>\n\t\t\t\t<\/div>\n\t\t<div class=\"elementor-element elementor-element-53d9b73e e-flex e-con-boxed e-con e-parent\" data-id=\"53d9b73e\" data-element_type=\"container\" data-e-type=\"container\" id=\"xs_cta_style_15\">\n\t\t\t\t\t<div class=\"e-con-inner\">\n\t\t<div class=\"elementor-element elementor-element-61fcc724 e-con-full e-flex e-con e-child\" data-id=\"61fcc724\" data-element_type=\"container\" data-e-type=\"container\" data-settings=\"{&quot;background_background&quot;:&quot;classic&quot;}\">\n\t\t\t\t<div class=\"elementor-element elementor-element-2c55faa3 elementor-widget elementor-widget-elementskit-heading\" data-id=\"2c55faa3\" data-element_type=\"widget\" data-e-type=\"widget\" data-widget_type=\"elementskit-heading.default\">\n\t\t\t\t<div class=\"elementor-widget-container\">\n\t\t\t\t\t<div class=\"ekit-wid-con\" ><div class=\"ekit-heading elementskit-section-title-wraper text_left   ekit_heading_tablet-   ekit_heading_mobile-\"><h2 class=\"ekit-heading--title elementskit-section-title \">Sigui quin sigui el preu del teu conveni, <span><span>te l\u2019abaixem<\/span><\/span><\/h2>\t\t\t\t<div class='ekit-heading__description'>\n\t\t\t\t\t<p><em>Tot sota les condicions previstes a les bases legals de la campanya. <\/em><\/p>\n<p><em>Per consultar-les,\u00a0<a href=\"https:\/\/mutuacat.cat\/docs\/files\/4_CAMPANYES\/Conveni\/Bases%20Legals%20Conveni.pdf\">fes clic aqu\u00ed<\/a>.<\/em><\/p>\n\t\t\t\t<\/div>\n\t\t\t<\/div><\/div>\t\t\t\t<\/div>\n\t\t\t\t<\/div>\n\t\t<div class=\"elementor-element elementor-element-2935988 e-con-full e-flex e-con e-child\" data-id=\"2935988\" data-element_type=\"container\" data-e-type=\"container\">\n\t\t\t\t<div class=\"elementor-element elementor-element-72263a10 elementor-align-right elementor-align--mobilecenter elementor-widget-tablet__width-inherit elementor-widget-mobile__width-auto elementor-widget elementor-widget-elementskit-button\" data-id=\"72263a10\" data-element_type=\"widget\" data-e-type=\"widget\" data-widget_type=\"elementskit-button.default\">\n\t\t\t\t<div class=\"elementor-widget-container\">\n\t\t\t\t\t<div class=\"ekit-wid-con\" >\t\t<div class=\"ekit-btn-wraper\">\n\t\t\t\t\t\t\t<a href=\"\/empresa\/assegurances\/salut\/\" class=\"elementskit-btn  whitespace--normal\" id=\"\">\n\t\t\t\t\tVull un altre producte\t\t\t\t<\/a>\n\t\t\t\t\t<\/div>\n        <\/div>\t\t\t\t<\/div>\n\t\t\t\t<\/div>\n\t\t\t\t<\/div>\n\t\t\t\t<\/div>\n\t\t\t\t\t<\/div>\n\t\t\t\t<\/div>\n\t\t\t\t<\/div>\n\t\t","protected":false},"excerpt":{"rendered":"<p>Assegurances de Conveni col\u00b7lectiu\u200b Protegeix l\u2019actiu m\u00e9s important de la teva empresa:\u00a0les persones.L\u2019asseguran\u00e7a de conveni col\u00b7lectiu \u00e9s obligat\u00f2ria per protegir els treballadors i els familiars davant d\u2019una invalidesa o de la mort a conseq\u00fc\u00e8ncia d\u2019un accident laboral.\u00a0 La no contractaci\u00f3\u00a0prevista al conveni col\u00b7lectiu \u00e9s un incompliment de les obligacions de l\u2019empresa sancionable amb una\u00a0multa de [&hellip;]<\/p>\n","protected":false},"author":3,"featured_media":2100,"parent":78,"menu_order":0,"comment_status":"closed","ping_status":"closed","template":"","meta":{"_acf_changed":false,"footnotes":""},"class_list":["post-104","page","type-page","status-publish","has-post-thumbnail","hentry"],"acf":[],"yoast_head":"<!-- This site is optimized with the Yoast SEO plugin v26.9 - https:\/\/yoast.com\/product\/yoast-seo-wordpress\/ -->\n<title>Assegurances de conveni col\u00b7lectiu - Mutuacat Empresa<\/title>\n<meta name=\"description\" content=\"Protegeix l\u2019actiu m\u00e9s important de la teva empresa: les persones. Contracta l&#039;asseguran\u00e7a de conveni col\u00b7lectiu a Mutuacat i protegeix els teus treballadors.\" \/>\n<meta name=\"robots\" content=\"index, follow, max-snippet:-1, max-image-preview:large, max-video-preview:-1\" \/>\n<link rel=\"canonical\" href=\"https:\/\/www.mutuacat.cat\/empresa\/assegurances\/convenis-accidents\/\" \/>\n<meta property=\"og:locale\" content=\"ca_ES\" \/>\n<meta property=\"og:type\" content=\"article\" \/>\n<meta property=\"og:title\" content=\"Assegurances de conveni col\u00b7lectiu - Mutuacat Empresa\" \/>\n<meta property=\"og:description\" content=\"Protegeix l\u2019actiu m\u00e9s important de la teva empresa: les persones. Contracta l&#039;asseguran\u00e7a de conveni col\u00b7lectiu a Mutuacat i protegeix els teus treballadors.\" \/>\n<meta property=\"og:url\" content=\"https:\/\/www.mutuacat.cat\/empresa\/assegurances\/convenis-accidents\/\" \/>\n<meta property=\"og:site_name\" content=\"Mutuacat Empresa\" \/>\n<meta property=\"article:modified_time\" content=\"2026-04-23T08:07:39+00:00\" \/>\n<meta property=\"og:image\" content=\"https:\/\/www.mutuacat.cat\/empresa\/wp-content\/uploads\/2025\/08\/10-1.png\" \/>\n\t<meta property=\"og:image:width\" content=\"1949\" \/>\n\t<meta property=\"og:image:height\" content=\"673\" \/>\n\t<meta property=\"og:image:type\" content=\"image\/png\" \/>\n<meta name=\"twitter:card\" content=\"summary_large_image\" \/>\n<meta name=\"twitter:label1\" content=\"Temps estimat de lectura\" \/>\n\t<meta name=\"twitter:data1\" content=\"5 minuts\" \/>\n<script type=\"application\/ld+json\" class=\"yoast-schema-graph\">{\"@context\":\"https:\/\/schema.org\",\"@graph\":[{\"@type\":\"WebPage\",\"@id\":\"https:\/\/www.mutuacat.cat\/empresa\/assegurances\/convenis-accidents\/\",\"url\":\"https:\/\/www.mutuacat.cat\/empresa\/assegurances\/convenis-accidents\/\",\"name\":\"Assegurances de conveni col\u00b7lectiu - Mutuacat Empresa\",\"isPartOf\":{\"@id\":\"https:\/\/www.mutuacat.cat\/empresa\/#website\"},\"primaryImageOfPage\":{\"@id\":\"https:\/\/www.mutuacat.cat\/empresa\/assegurances\/convenis-accidents\/#primaryimage\"},\"image\":{\"@id\":\"https:\/\/www.mutuacat.cat\/empresa\/assegurances\/convenis-accidents\/#primaryimage\"},\"thumbnailUrl\":\"https:\/\/www.mutuacat.cat\/empresa\/wp-content\/uploads\/2025\/08\/10-1.png\",\"datePublished\":\"2025-05-28T07:39:54+00:00\",\"dateModified\":\"2026-04-23T08:07:39+00:00\",\"description\":\"Protegeix l\u2019actiu m\u00e9s important de la teva empresa: les persones. Contracta l'asseguran\u00e7a de conveni col\u00b7lectiu a Mutuacat i protegeix els teus treballadors.\",\"breadcrumb\":{\"@id\":\"https:\/\/www.mutuacat.cat\/empresa\/assegurances\/convenis-accidents\/#breadcrumb\"},\"inLanguage\":\"ca\",\"potentialAction\":[{\"@type\":\"ReadAction\",\"target\":[\"https:\/\/www.mutuacat.cat\/empresa\/assegurances\/convenis-accidents\/\"]}]},{\"@type\":\"ImageObject\",\"inLanguage\":\"ca\",\"@id\":\"https:\/\/www.mutuacat.cat\/empresa\/assegurances\/convenis-accidents\/#primaryimage\",\"url\":\"https:\/\/www.mutuacat.cat\/empresa\/wp-content\/uploads\/2025\/08\/10-1.png\",\"contentUrl\":\"https:\/\/www.mutuacat.cat\/empresa\/wp-content\/uploads\/2025\/08\/10-1.png\",\"width\":1949,\"height\":673},{\"@type\":\"BreadcrumbList\",\"@id\":\"https:\/\/www.mutuacat.cat\/empresa\/assegurances\/convenis-accidents\/#breadcrumb\",\"itemListElement\":[{\"@type\":\"ListItem\",\"position\":1,\"name\":\"Inici\",\"item\":\"https:\/\/www.mutuacat.cat\/empresa\/\"},{\"@type\":\"ListItem\",\"position\":2,\"name\":\"Assegurances\",\"item\":\"https:\/\/www.mutuacat.cat\/empresa\/assegurances\/\"},{\"@type\":\"ListItem\",\"position\":3,\"name\":\"Convenis Accidents\"}]},{\"@type\":\"WebSite\",\"@id\":\"https:\/\/www.mutuacat.cat\/empresa\/#website\",\"url\":\"https:\/\/www.mutuacat.cat\/empresa\/\",\"name\":\"Mutuacat Empresa\",\"description\":\"\",\"potentialAction\":[{\"@type\":\"SearchAction\",\"target\":{\"@type\":\"EntryPoint\",\"urlTemplate\":\"https:\/\/www.mutuacat.cat\/empresa\/?s={search_term_string}\"},\"query-input\":{\"@type\":\"PropertyValueSpecification\",\"valueRequired\":true,\"valueName\":\"search_term_string\"}}],\"inLanguage\":\"ca\"}]}<\/script>\n<!-- \/ Yoast SEO plugin. -->","yoast_head_json":{"title":"Assegurances de conveni col\u00b7lectiu - Mutuacat Empresa","description":"Protegeix l\u2019actiu m\u00e9s important de la teva empresa: les persones. Contracta l'asseguran\u00e7a de conveni col\u00b7lectiu a Mutuacat i protegeix els teus treballadors.","robots":{"index":"index","follow":"follow","max-snippet":"max-snippet:-1","max-image-preview":"max-image-preview:large","max-video-preview":"max-video-preview:-1"},"canonical":"https:\/\/www.mutuacat.cat\/empresa\/assegurances\/convenis-accidents\/","og_locale":"ca_ES","og_type":"article","og_title":"Assegurances de conveni col\u00b7lectiu - Mutuacat Empresa","og_description":"Protegeix l\u2019actiu m\u00e9s important de la teva empresa: les persones. Contracta l'asseguran\u00e7a de conveni col\u00b7lectiu a Mutuacat i protegeix els teus treballadors.","og_url":"https:\/\/www.mutuacat.cat\/empresa\/assegurances\/convenis-accidents\/","og_site_name":"Mutuacat Empresa","article_modified_time":"2026-04-23T08:07:39+00:00","og_image":[{"width":1949,"height":673,"url":"https:\/\/www.mutuacat.cat\/empresa\/wp-content\/uploads\/2025\/08\/10-1.png","type":"image\/png"}],"twitter_card":"summary_large_image","twitter_misc":{"Temps estimat de lectura":"5 minuts"},"schema":{"@context":"https:\/\/schema.org","@graph":[{"@type":"WebPage","@id":"https:\/\/www.mutuacat.cat\/empresa\/assegurances\/convenis-accidents\/","url":"https:\/\/www.mutuacat.cat\/empresa\/assegurances\/convenis-accidents\/","name":"Assegurances de conveni col\u00b7lectiu - Mutuacat Empresa","isPartOf":{"@id":"https:\/\/www.mutuacat.cat\/empresa\/#website"},"primaryImageOfPage":{"@id":"https:\/\/www.mutuacat.cat\/empresa\/assegurances\/convenis-accidents\/#primaryimage"},"image":{"@id":"https:\/\/www.mutuacat.cat\/empresa\/assegurances\/convenis-accidents\/#primaryimage"},"thumbnailUrl":"https:\/\/www.mutuacat.cat\/empresa\/wp-content\/uploads\/2025\/08\/10-1.png","datePublished":"2025-05-28T07:39:54+00:00","dateModified":"2026-04-23T08:07:39+00:00","description":"Protegeix l\u2019actiu m\u00e9s important de la teva empresa: les persones. Contracta l'asseguran\u00e7a de conveni col\u00b7lectiu a Mutuacat i protegeix els teus treballadors.","breadcrumb":{"@id":"https:\/\/www.mutuacat.cat\/empresa\/assegurances\/convenis-accidents\/#breadcrumb"},"inLanguage":"ca","potentialAction":[{"@type":"ReadAction","target":["https:\/\/www.mutuacat.cat\/empresa\/assegurances\/convenis-accidents\/"]}]},{"@type":"ImageObject","inLanguage":"ca","@id":"https:\/\/www.mutuacat.cat\/empresa\/assegurances\/convenis-accidents\/#primaryimage","url":"https:\/\/www.mutuacat.cat\/empresa\/wp-content\/uploads\/2025\/08\/10-1.png","contentUrl":"https:\/\/www.mutuacat.cat\/empresa\/wp-content\/uploads\/2025\/08\/10-1.png","width":1949,"height":673},{"@type":"BreadcrumbList","@id":"https:\/\/www.mutuacat.cat\/empresa\/assegurances\/convenis-accidents\/#breadcrumb","itemListElement":[{"@type":"ListItem","position":1,"name":"Inici","item":"https:\/\/www.mutuacat.cat\/empresa\/"},{"@type":"ListItem","position":2,"name":"Assegurances","item":"https:\/\/www.mutuacat.cat\/empresa\/assegurances\/"},{"@type":"ListItem","position":3,"name":"Convenis Accidents"}]},{"@type":"WebSite","@id":"https:\/\/www.mutuacat.cat\/empresa\/#website","url":"https:\/\/www.mutuacat.cat\/empresa\/","name":"Mutuacat Empresa","description":"","potentialAction":[{"@type":"SearchAction","target":{"@type":"EntryPoint","urlTemplate":"https:\/\/www.mutuacat.cat\/empresa\/?s={search_term_string}"},"query-input":{"@type":"PropertyValueSpecification","valueRequired":true,"valueName":"search_term_string"}}],"inLanguage":"ca"}]}},"_links":{"self":[{"href":"https:\/\/www.mutuacat.cat\/empresa\/wp-json\/wp\/v2\/pages\/104","targetHints":{"allow":["GET"]}}],"collection":[{"href":"https:\/\/www.mutuacat.cat\/empresa\/wp-json\/wp\/v2\/pages"}],"about":[{"href":"https:\/\/www.mutuacat.cat\/empresa\/wp-json\/wp\/v2\/types\/page"}],"author":[{"embeddable":true,"href":"https:\/\/www.mutuacat.cat\/empresa\/wp-json\/wp\/v2\/users\/3"}],"replies":[{"embeddable":true,"href":"https:\/\/www.mutuacat.cat\/empresa\/wp-json\/wp\/v2\/comments?post=104"}],"version-history":[{"count":79,"href":"https:\/\/www.mutuacat.cat\/empresa\/wp-json\/wp\/v2\/pages\/104\/revisions"}],"predecessor-version":[{"id":4954,"href":"https:\/\/www.mutuacat.cat\/empresa\/wp-json\/wp\/v2\/pages\/104\/revisions\/4954"}],"up":[{"embeddable":true,"href":"https:\/\/www.mutuacat.cat\/empresa\/wp-json\/wp\/v2\/pages\/78"}],"wp:featuredmedia":[{"embeddable":true,"href":"https:\/\/www.mutuacat.cat\/empresa\/wp-json\/wp\/v2\/media\/2100"}],"wp:attachment":[{"href":"https:\/\/www.mutuacat.cat\/empresa\/wp-json\/wp\/v2\/media?parent=104"}],"curies":[{"name":"wp","href":"https:\/\/api.w.org\/{rel}","templated":true}]}}