{"id":3049,"date":"2025-11-11T10:04:46","date_gmt":"2025-11-11T10:04:46","guid":{"rendered":"https:\/\/www.mutuacat.cat\/empresa\/?post_type=product&#038;p=3049"},"modified":"2026-03-02T12:29:36","modified_gmt":"2026-03-02T12:29:36","slug":"basic-de-prevencio-de-riscos-laborals-50h","status":"publish","type":"product","link":"https:\/\/www.mutuacat.cat\/empresa\/formacio\/basic-de-prevencio-de-riscos-laborals-50h\/","title":{"rendered":"B\u00e0sic de prevenci\u00f3 de riscos laborals (50h)"},"content":{"rendered":"\t\t<div data-elementor-type=\"product-post\" data-elementor-id=\"3049\" class=\"elementor elementor-3049\" data-elementor-post-type=\"product\">\n\t\t\t\t<div class=\"elementor-element elementor-element-50cae97 e-flex e-con-boxed e-con e-parent\" data-id=\"50cae97\" data-element_type=\"container\" data-e-type=\"container\">\n\t\t\t\t\t<div class=\"e-con-inner\">\n\t\t\t\t<div class=\"elementor-element elementor-element-3c9cc7d e-n-tabs-mobile elementor-widget elementor-widget-n-tabs\" data-id=\"3c9cc7d\" data-element_type=\"widget\" data-e-type=\"widget\" data-settings=\"{&quot;horizontal_scroll&quot;:&quot;disable&quot;}\" data-widget_type=\"nested-tabs.default\">\n\t\t\t\t<div class=\"elementor-widget-container\">\n\t\t\t\t\t\t\t<div class=\"e-n-tabs\" data-widget-number=\"63556733\" aria-label=\"Tabuladors. Obre elements amb Retorn o Espai, tanca amb Esc i navega amb les tecles de fletxa.\">\n\t\t\t<div class=\"e-n-tabs-heading\" role=\"tablist\">\n\t\t\t\t\t<button id=\"e-n-tab-title-635567331\" data-tab-title-id=\"e-n-tab-title-635567331\" class=\"e-n-tab-title\" aria-selected=\"true\" data-tab-index=\"1\" role=\"tab\" tabindex=\"0\" aria-controls=\"e-n-tab-content-635567331\" style=\"--n-tabs-title-order: 1;\">\n\t\t\t\t\t\t<span class=\"e-n-tab-title-text\">\n\t\t\t\tObjectius\t\t\t<\/span>\n\t\t<\/button>\n\t\t\t\t<button id=\"e-n-tab-title-635567332\" data-tab-title-id=\"e-n-tab-title-635567332\" class=\"e-n-tab-title\" aria-selected=\"false\" data-tab-index=\"2\" role=\"tab\" tabindex=\"-1\" aria-controls=\"e-n-tab-content-635567332\" style=\"--n-tabs-title-order: 2;\">\n\t\t\t\t\t\t<span class=\"e-n-tab-title-text\">\n\t\t\t\tContinguts\t\t\t<\/span>\n\t\t<\/button>\n\t\t\t\t<button id=\"e-n-tab-title-635567333\" data-tab-title-id=\"e-n-tab-title-635567333\" class=\"e-n-tab-title\" aria-selected=\"false\" data-tab-index=\"3\" role=\"tab\" tabindex=\"-1\" aria-controls=\"e-n-tab-content-635567333\" style=\"--n-tabs-title-order: 3;\">\n\t\t\t\t\t\t<span class=\"e-n-tab-title-text\">\n\t\t\t\tMetodologia\t\t\t<\/span>\n\t\t<\/button>\n\t\t\t\t<button id=\"e-n-tab-title-635567334\" data-tab-title-id=\"e-n-tab-title-635567334\" class=\"e-n-tab-title\" aria-selected=\"false\" data-tab-index=\"4\" role=\"tab\" tabindex=\"-1\" aria-controls=\"e-n-tab-content-635567334\" style=\"--n-tabs-title-order: 4;\">\n\t\t\t\t\t\t<span class=\"e-n-tab-title-text\">\n\t\t\t\tTitulaci\u00f3\t\t\t<\/span>\n\t\t<\/button>\n\t\t\t\t\t<\/div>\n\t\t\t<div class=\"e-n-tabs-content\">\n\t\t\t\t<div id=\"e-n-tab-content-635567331\" role=\"tabpanel\" aria-labelledby=\"e-n-tab-title-635567331\" data-tab-index=\"1\" style=\"--n-tabs-title-order: 1;\" class=\"e-active elementor-element elementor-element-8af2b12 e-con-full e-flex e-con e-child\" data-id=\"8af2b12\" data-element_type=\"container\" data-e-type=\"container\">\n\t\t\t\t<div class=\"elementor-element elementor-element-0145ca8 elementor-widget elementor-widget-heading\" data-id=\"0145ca8\" data-element_type=\"widget\" data-e-type=\"widget\" data-widget_type=\"heading.default\">\n\t\t\t\t<div class=\"elementor-widget-container\">\n\t\t\t\t\t<h2 class=\"elementor-heading-title elementor-size-default\">Objectius<\/h2>\t\t\t\t<\/div>\n\t\t\t\t<\/div>\n\t\t\t\t<div class=\"elementor-element elementor-element-072f732 elementor-widget elementor-widget-text-editor\" data-id=\"072f732\" data-element_type=\"widget\" data-e-type=\"widget\" data-widget_type=\"text-editor.default\">\n\t\t\t\t<div class=\"elementor-widget-container\">\n\t\t\t\t\t\t\t\t\t<p class=\"elementor-element elementor-element-2ad0fd2f elementor-widget elementor-widget-text-editor\" data-id=\"2ad0fd2f\" data-element_type=\"widget\" data-e-type=\"widget\" data-widget_type=\"text-editor.default\">El curs s\u2019adre\u00e7a a empreses i persones que necessiten els coneixements b\u00e0sics sobre riscos laborals per desenvolupar o supervisar en l\u2019\u00e0mbit del treball un conjunt d\u2019activitats de prevenci\u00f3.<\/p><p>L\u2019objectiu d\u2019aquest curs \u00e9s proporcionar a l\u2019alumne els coneixements t\u00e8cnics necessaris segons la llei de prevenci\u00f3 de riscos laborals 31\/1995, 8 de novembre, per al desplegament de les tasques i funcions assignades al responsable de prevenci\u00f3 de riscos i salut laboral de nivell b\u00e0sic de l\u2019empresa.<\/p><div class=\"elementor-element elementor-element-38043d5 e-con-full e-flex e-con e-child\" data-id=\"38043d5\" data-element_type=\"container\" data-e-type=\"container\"><div class=\"elementor-element elementor-element-347af19e elementor-widget elementor-widget-text-editor\" data-id=\"347af19e\" data-element_type=\"widget\" data-e-type=\"widget\" data-widget_type=\"text-editor.default\">\u00a0<\/div><\/div>\t\t\t\t\t\t\t\t<\/div>\n\t\t\t\t<\/div>\n\t\t\t\t<\/div>\n\t\t<div id=\"e-n-tab-content-635567332\" role=\"tabpanel\" aria-labelledby=\"e-n-tab-title-635567332\" data-tab-index=\"2\" style=\"--n-tabs-title-order: 2;\" class=\" elementor-element elementor-element-6be8615 e-con-full e-flex e-con e-child\" data-id=\"6be8615\" data-element_type=\"container\" data-e-type=\"container\">\n\t\t\t\t<div class=\"elementor-element elementor-element-e8630f0 elementor-widget elementor-widget-heading\" data-id=\"e8630f0\" data-element_type=\"widget\" data-e-type=\"widget\" data-widget_type=\"heading.default\">\n\t\t\t\t<div class=\"elementor-widget-container\">\n\t\t\t\t\t<h2 class=\"elementor-heading-title elementor-size-default\">Continguts<\/h2>\t\t\t\t<\/div>\n\t\t\t\t<\/div>\n\t\t\t\t<div class=\"elementor-element elementor-element-43539e9 elementor-widget elementor-widget-text-editor\" data-id=\"43539e9\" data-element_type=\"widget\" data-e-type=\"widget\" data-widget_type=\"text-editor.default\">\n\t\t\t\t<div class=\"elementor-widget-container\">\n\t\t\t\t\t\t\t\t\t<p>D\u2019acord amb all\u00f2 que estableix l\u2019Annex IV del Reglament de prevenci\u00f3, aprovat mitjan\u00e7ant RD 39\/1997, de 17 de gener, el programa del curs s\u2019estructura en els seg\u00fcents apartats:<\/p><ol><li><strong>Tema 1.<\/strong>\u00a0Conceptes b\u00e0sics sobre seguretat i salut en el treball.<\/li><li><strong>Tema 2.<\/strong>\u00a0Riscos generals i la seva prevenci\u00f3.<\/li><li><strong>Tema 3.\u00a0<\/strong>Riscos espec\u00edfics i la seva prevenci\u00f3 en el sector corresponent a l\u2019activitat de l\u2019empresa.<\/li><li><strong>Tema 4.<\/strong>\u00a0Elements b\u00e0sics de gesti\u00f3 de la prevenci\u00f3 de riscos.<\/li><li><strong>Tema 5.<\/strong>\u00a0Primers auxilis.<\/li><\/ol><ul><li style=\"list-style-type: none;\">\u00a0<\/li><\/ul>\t\t\t\t\t\t\t\t<\/div>\n\t\t\t\t<\/div>\n\t\t\t\t<\/div>\n\t\t<div id=\"e-n-tab-content-635567333\" role=\"tabpanel\" aria-labelledby=\"e-n-tab-title-635567333\" data-tab-index=\"3\" style=\"--n-tabs-title-order: 3;\" class=\" elementor-element elementor-element-f76b3fb e-con-full e-flex e-con e-child\" data-id=\"f76b3fb\" data-element_type=\"container\" data-e-type=\"container\">\n\t\t\t\t<div class=\"elementor-element elementor-element-f062638 elementor-widget elementor-widget-heading\" data-id=\"f062638\" data-element_type=\"widget\" data-e-type=\"widget\" data-widget_type=\"heading.default\">\n\t\t\t\t<div class=\"elementor-widget-container\">\n\t\t\t\t\t<h2 class=\"elementor-heading-title elementor-size-default\">Funcionament del curs<\/h2>\t\t\t\t<\/div>\n\t\t\t\t<\/div>\n\t\t\t\t<div class=\"elementor-element elementor-element-d942d64 elementor-widget elementor-widget-text-editor\" data-id=\"d942d64\" data-element_type=\"widget\" data-e-type=\"widget\" data-widget_type=\"text-editor.default\">\n\t\t\t\t<div class=\"elementor-widget-container\">\n\t\t\t\t\t\t\t\t\t<p>El curs es desenvolupa a trav\u00e9s d\u2019Internet. L\u2019alumne accedeix a una aula virtual on disposa dels materials del curs, les activitats d\u2019avaluaci\u00f3 i altres recursos d\u2019aprenentatge i comunicaci\u00f3. Cada cap\u00edtol est\u00e0 format per una part te\u00f2rica i una d\u2019exercicis d\u2019auto comprovaci\u00f3, aix\u00ed com d\u2019un cas pr\u00e0ctic. Els alumnes tindran a la seva disposici\u00f3 un expert les 24 hores del dia, amb el que podran intercanviar opinions i consultar qualsevol dubte que se\u2019ls presenti.<\/p><h5>Durada del curs<\/h5><p>La metodologia online permet que l&#8217;alumne realitzi la part te\u00f2rica al seu ritme. Disposa de <strong>6 mesos<\/strong> per completar la formaci\u00f3 des del moment de l&#8217;alta a la plataforma. Si no es finalitza passat aquest termini, el curs es tanca i caldr\u00e0 contractar-lo novament per reprendre&#8217;l.<\/p>\t\t\t\t\t\t\t\t<\/div>\n\t\t\t\t<\/div>\n\t\t\t\t<\/div>\n\t\t<div id=\"e-n-tab-content-635567334\" role=\"tabpanel\" aria-labelledby=\"e-n-tab-title-635567334\" data-tab-index=\"4\" style=\"--n-tabs-title-order: 4;\" class=\" elementor-element elementor-element-14c0104 e-flex e-con-boxed e-con e-child\" data-id=\"14c0104\" data-element_type=\"container\" data-e-type=\"container\">\n\t\t\t\t\t<div class=\"e-con-inner\">\n\t\t\t\t<div class=\"elementor-element elementor-element-d7adc33 elementor-widget elementor-widget-heading\" data-id=\"d7adc33\" data-element_type=\"widget\" data-e-type=\"widget\" data-widget_type=\"heading.default\">\n\t\t\t\t<div class=\"elementor-widget-container\">\n\t\t\t\t\t<h2 class=\"elementor-heading-title elementor-size-default\">Titulaci\u00f3<\/h2>\t\t\t\t<\/div>\n\t\t\t\t<\/div>\n\t\t\t\t<div class=\"elementor-element elementor-element-b95db61 elementor-widget elementor-widget-text-editor\" data-id=\"b95db61\" data-element_type=\"widget\" data-e-type=\"widget\" data-widget_type=\"text-editor.default\">\n\t\t\t\t<div class=\"elementor-widget-container\">\n\t\t\t\t\t\t\t\t\t<p>Un cop finalitzat el curs, l\u2019alumne podr\u00e0 obtenir,\u00a0mitjan\u00e7ant un formulari d\u2019avaluaci\u00f3 contrastat per l\u2019expert,\u00a0un certificat de coneixements, segons la Llei de Riscos Laborals 31\/1995, de 8 de novembre.<\/p>\t\t\t\t\t\t\t\t<\/div>\n\t\t\t\t<\/div>\n\t\t\t\t\t<\/div>\n\t\t\t\t<\/div>\n\t\t\t\t\t<\/div>\n\t\t<\/div>\n\t\t\t\t\t\t<\/div>\n\t\t\t\t<\/div>\n\t\t\t\t\t<\/div>\n\t\t\t\t<\/div>\n\t\t\t\t<\/div>\n\t\t","protected":false},"excerpt":{"rendered":"<p>L\u2019objectiu d\u2019aquest curs \u00e9s proporcionar a l\u2019alumne els coneixements t\u00e8cnics necessaris segons la llei de prevenci\u00f3 de riscos laborals 31\/1995, 8 de novembre, per al desplegament de les tasques i funcions assignades al responsable de prevenci\u00f3 de riscos i salut laboral de nivell b\u00e0sic de l\u2019empresa.<\/p>\n","protected":false},"featured_media":3050,"template":"","meta":{"_acf_changed":false},"product_brand":[],"product_cat":[58,53],"product_tag":[67],"class_list":{"0":"post-3049","1":"product","2":"type-product","3":"status-publish","4":"has-post-thumbnail","6":"product_cat-formacio-basica-en-prl","7":"product_cat-prevencio-de-riscos-laborals","8":"product_tag-en-linia","10":"first","11":"instock","12":"virtual","13":"product-type-simple"},"acf":[],"yoast_head":"<!-- This site is optimized with the Yoast SEO plugin v26.9 - https:\/\/yoast.com\/product\/yoast-seo-wordpress\/ -->\n<title>B\u00e0sic de prevenci\u00f3 de riscos laborals (50h) - Mutuacat Empresa<\/title>\n<meta name=\"robots\" content=\"index, follow, max-snippet:-1, max-image-preview:large, max-video-preview:-1\" \/>\n<link rel=\"canonical\" href=\"https:\/\/www.mutuacat.cat\/empresa\/formacio\/basic-de-prevencio-de-riscos-laborals-50h\/\" \/>\n<meta property=\"og:locale\" content=\"ca_ES\" \/>\n<meta property=\"og:type\" content=\"article\" \/>\n<meta property=\"og:title\" content=\"B\u00e0sic de prevenci\u00f3 de riscos laborals (50h) - Mutuacat Empresa\" \/>\n<meta property=\"og:description\" content=\"L\u2019objectiu d\u2019aquest curs \u00e9s proporcionar a l\u2019alumne els coneixements t\u00e8cnics necessaris segons la llei de prevenci\u00f3 de riscos laborals 31\/1995, 8 de novembre, per al desplegament de les tasques i funcions assignades al responsable de prevenci\u00f3 de riscos i salut laboral de nivell b\u00e0sic de l\u2019empresa.\" \/>\n<meta property=\"og:url\" content=\"https:\/\/www.mutuacat.cat\/empresa\/formacio\/basic-de-prevencio-de-riscos-laborals-50h\/\" \/>\n<meta property=\"og:site_name\" content=\"Mutuacat Empresa\" \/>\n<meta property=\"article:modified_time\" content=\"2026-03-02T12:29:36+00:00\" \/>\n<meta property=\"og:image\" content=\"https:\/\/www.mutuacat.cat\/empresa\/wp-content\/uploads\/2025\/11\/xcurs-tecnic-basic-50.jpg.pagespeed.ic_.mt7k2pACZh.jpeg\" \/>\n\t<meta property=\"og:image:width\" content=\"800\" \/>\n\t<meta property=\"og:image:height\" content=\"800\" \/>\n\t<meta property=\"og:image:type\" content=\"image\/jpeg\" \/>\n<meta name=\"twitter:card\" content=\"summary_large_image\" \/>\n<script type=\"application\/ld+json\" class=\"yoast-schema-graph\">{\"@context\":\"https:\/\/schema.org\",\"@graph\":[{\"@type\":\"WebPage\",\"@id\":\"https:\/\/www.mutuacat.cat\/empresa\/formacio\/basic-de-prevencio-de-riscos-laborals-50h\/\",\"url\":\"https:\/\/www.mutuacat.cat\/empresa\/formacio\/basic-de-prevencio-de-riscos-laborals-50h\/\",\"name\":\"B\u00e0sic de prevenci\u00f3 de riscos laborals (50h) - Mutuacat Empresa\",\"isPartOf\":{\"@id\":\"https:\/\/www.mutuacat.cat\/empresa\/#website\"},\"primaryImageOfPage\":{\"@id\":\"https:\/\/www.mutuacat.cat\/empresa\/formacio\/basic-de-prevencio-de-riscos-laborals-50h\/#primaryimage\"},\"image\":{\"@id\":\"https:\/\/www.mutuacat.cat\/empresa\/formacio\/basic-de-prevencio-de-riscos-laborals-50h\/#primaryimage\"},\"thumbnailUrl\":\"https:\/\/www.mutuacat.cat\/empresa\/wp-content\/uploads\/2025\/11\/xcurs-tecnic-basic-50.jpg.pagespeed.ic_.mt7k2pACZh.jpeg\",\"datePublished\":\"2025-11-11T10:04:46+00:00\",\"dateModified\":\"2026-03-02T12:29:36+00:00\",\"breadcrumb\":{\"@id\":\"https:\/\/www.mutuacat.cat\/empresa\/formacio\/basic-de-prevencio-de-riscos-laborals-50h\/#breadcrumb\"},\"inLanguage\":\"ca\",\"potentialAction\":[{\"@type\":\"ReadAction\",\"target\":[\"https:\/\/www.mutuacat.cat\/empresa\/formacio\/basic-de-prevencio-de-riscos-laborals-50h\/\"]}]},{\"@type\":\"ImageObject\",\"inLanguage\":\"ca\",\"@id\":\"https:\/\/www.mutuacat.cat\/empresa\/formacio\/basic-de-prevencio-de-riscos-laborals-50h\/#primaryimage\",\"url\":\"https:\/\/www.mutuacat.cat\/empresa\/wp-content\/uploads\/2025\/11\/xcurs-tecnic-basic-50.jpg.pagespeed.ic_.mt7k2pACZh.jpeg\",\"contentUrl\":\"https:\/\/www.mutuacat.cat\/empresa\/wp-content\/uploads\/2025\/11\/xcurs-tecnic-basic-50.jpg.pagespeed.ic_.mt7k2pACZh.jpeg\",\"width\":800,\"height\":800},{\"@type\":\"BreadcrumbList\",\"@id\":\"https:\/\/www.mutuacat.cat\/empresa\/formacio\/basic-de-prevencio-de-riscos-laborals-50h\/#breadcrumb\",\"itemListElement\":[{\"@type\":\"ListItem\",\"position\":1,\"name\":\"Inici\",\"item\":\"https:\/\/www.mutuacat.cat\/empresa\/\"},{\"@type\":\"ListItem\",\"position\":2,\"name\":\"Formaci\u00f3\",\"item\":\"https:\/\/www.mutuacat.cat\/empresa\/formacio\/\"},{\"@type\":\"ListItem\",\"position\":3,\"name\":\"B\u00e0sic de prevenci\u00f3 de riscos laborals (50h)\"}]},{\"@type\":\"WebSite\",\"@id\":\"https:\/\/www.mutuacat.cat\/empresa\/#website\",\"url\":\"https:\/\/www.mutuacat.cat\/empresa\/\",\"name\":\"Mutuacat Empresa\",\"description\":\"\",\"potentialAction\":[{\"@type\":\"SearchAction\",\"target\":{\"@type\":\"EntryPoint\",\"urlTemplate\":\"https:\/\/www.mutuacat.cat\/empresa\/?s={search_term_string}\"},\"query-input\":{\"@type\":\"PropertyValueSpecification\",\"valueRequired\":true,\"valueName\":\"search_term_string\"}}],\"inLanguage\":\"ca\"}]}<\/script>\n<!-- \/ Yoast SEO plugin. -->","yoast_head_json":{"title":"B\u00e0sic de prevenci\u00f3 de riscos laborals (50h) - Mutuacat Empresa","robots":{"index":"index","follow":"follow","max-snippet":"max-snippet:-1","max-image-preview":"max-image-preview:large","max-video-preview":"max-video-preview:-1"},"canonical":"https:\/\/www.mutuacat.cat\/empresa\/formacio\/basic-de-prevencio-de-riscos-laborals-50h\/","og_locale":"ca_ES","og_type":"article","og_title":"B\u00e0sic de prevenci\u00f3 de riscos laborals (50h) - Mutuacat Empresa","og_description":"L\u2019objectiu d\u2019aquest curs \u00e9s proporcionar a l\u2019alumne els coneixements t\u00e8cnics necessaris segons la llei de prevenci\u00f3 de riscos laborals 31\/1995, 8 de novembre, per al desplegament de les tasques i funcions assignades al responsable de prevenci\u00f3 de riscos i salut laboral de nivell b\u00e0sic de l\u2019empresa.","og_url":"https:\/\/www.mutuacat.cat\/empresa\/formacio\/basic-de-prevencio-de-riscos-laborals-50h\/","og_site_name":"Mutuacat Empresa","article_modified_time":"2026-03-02T12:29:36+00:00","og_image":[{"width":800,"height":800,"url":"https:\/\/www.mutuacat.cat\/empresa\/wp-content\/uploads\/2025\/11\/xcurs-tecnic-basic-50.jpg.pagespeed.ic_.mt7k2pACZh.jpeg","type":"image\/jpeg"}],"twitter_card":"summary_large_image","schema":{"@context":"https:\/\/schema.org","@graph":[{"@type":"WebPage","@id":"https:\/\/www.mutuacat.cat\/empresa\/formacio\/basic-de-prevencio-de-riscos-laborals-50h\/","url":"https:\/\/www.mutuacat.cat\/empresa\/formacio\/basic-de-prevencio-de-riscos-laborals-50h\/","name":"B\u00e0sic de prevenci\u00f3 de riscos laborals (50h) - Mutuacat Empresa","isPartOf":{"@id":"https:\/\/www.mutuacat.cat\/empresa\/#website"},"primaryImageOfPage":{"@id":"https:\/\/www.mutuacat.cat\/empresa\/formacio\/basic-de-prevencio-de-riscos-laborals-50h\/#primaryimage"},"image":{"@id":"https:\/\/www.mutuacat.cat\/empresa\/formacio\/basic-de-prevencio-de-riscos-laborals-50h\/#primaryimage"},"thumbnailUrl":"https:\/\/www.mutuacat.cat\/empresa\/wp-content\/uploads\/2025\/11\/xcurs-tecnic-basic-50.jpg.pagespeed.ic_.mt7k2pACZh.jpeg","datePublished":"2025-11-11T10:04:46+00:00","dateModified":"2026-03-02T12:29:36+00:00","breadcrumb":{"@id":"https:\/\/www.mutuacat.cat\/empresa\/formacio\/basic-de-prevencio-de-riscos-laborals-50h\/#breadcrumb"},"inLanguage":"ca","potentialAction":[{"@type":"ReadAction","target":["https:\/\/www.mutuacat.cat\/empresa\/formacio\/basic-de-prevencio-de-riscos-laborals-50h\/"]}]},{"@type":"ImageObject","inLanguage":"ca","@id":"https:\/\/www.mutuacat.cat\/empresa\/formacio\/basic-de-prevencio-de-riscos-laborals-50h\/#primaryimage","url":"https:\/\/www.mutuacat.cat\/empresa\/wp-content\/uploads\/2025\/11\/xcurs-tecnic-basic-50.jpg.pagespeed.ic_.mt7k2pACZh.jpeg","contentUrl":"https:\/\/www.mutuacat.cat\/empresa\/wp-content\/uploads\/2025\/11\/xcurs-tecnic-basic-50.jpg.pagespeed.ic_.mt7k2pACZh.jpeg","width":800,"height":800},{"@type":"BreadcrumbList","@id":"https:\/\/www.mutuacat.cat\/empresa\/formacio\/basic-de-prevencio-de-riscos-laborals-50h\/#breadcrumb","itemListElement":[{"@type":"ListItem","position":1,"name":"Inici","item":"https:\/\/www.mutuacat.cat\/empresa\/"},{"@type":"ListItem","position":2,"name":"Formaci\u00f3","item":"https:\/\/www.mutuacat.cat\/empresa\/formacio\/"},{"@type":"ListItem","position":3,"name":"B\u00e0sic de prevenci\u00f3 de riscos laborals (50h)"}]},{"@type":"WebSite","@id":"https:\/\/www.mutuacat.cat\/empresa\/#website","url":"https:\/\/www.mutuacat.cat\/empresa\/","name":"Mutuacat Empresa","description":"","potentialAction":[{"@type":"SearchAction","target":{"@type":"EntryPoint","urlTemplate":"https:\/\/www.mutuacat.cat\/empresa\/?s={search_term_string}"},"query-input":{"@type":"PropertyValueSpecification","valueRequired":true,"valueName":"search_term_string"}}],"inLanguage":"ca"}]}},"_links":{"self":[{"href":"https:\/\/www.mutuacat.cat\/empresa\/wp-json\/wp\/v2\/product\/3049","targetHints":{"allow":["GET"]}}],"collection":[{"href":"https:\/\/www.mutuacat.cat\/empresa\/wp-json\/wp\/v2\/product"}],"about":[{"href":"https:\/\/www.mutuacat.cat\/empresa\/wp-json\/wp\/v2\/types\/product"}],"version-history":[{"count":7,"href":"https:\/\/www.mutuacat.cat\/empresa\/wp-json\/wp\/v2\/product\/3049\/revisions"}],"predecessor-version":[{"id":4653,"href":"https:\/\/www.mutuacat.cat\/empresa\/wp-json\/wp\/v2\/product\/3049\/revisions\/4653"}],"wp:featuredmedia":[{"embeddable":true,"href":"https:\/\/www.mutuacat.cat\/empresa\/wp-json\/wp\/v2\/media\/3050"}],"wp:attachment":[{"href":"https:\/\/www.mutuacat.cat\/empresa\/wp-json\/wp\/v2\/media?parent=3049"}],"wp:term":[{"taxonomy":"product_brand","embeddable":true,"href":"https:\/\/www.mutuacat.cat\/empresa\/wp-json\/wp\/v2\/product_brand?post=3049"},{"taxonomy":"product_cat","embeddable":true,"href":"https:\/\/www.mutuacat.cat\/empresa\/wp-json\/wp\/v2\/product_cat?post=3049"},{"taxonomy":"product_tag","embeddable":true,"href":"https:\/\/www.mutuacat.cat\/empresa\/wp-json\/wp\/v2\/product_tag?post=3049"}],"curies":[{"name":"wp","href":"https:\/\/api.w.org\/{rel}","templated":true}]}}