{"id":3771,"date":"2025-12-22T10:37:25","date_gmt":"2025-12-22T10:37:25","guid":{"rendered":"https:\/\/www.mutuacat.cat\/empresa\/?post_type=product&#038;p=3771"},"modified":"2025-12-23T10:46:43","modified_gmt":"2025-12-23T10:46:43","slug":"taller-divulgatiu-primers-auxilis","status":"publish","type":"product","link":"https:\/\/www.mutuacat.cat\/empresa\/formacio\/taller-divulgatiu-primers-auxilis\/","title":{"rendered":"Taller divulgatiu: Primers Auxilis"},"content":{"rendered":"\t\t<div data-elementor-type=\"product-post\" data-elementor-id=\"3771\" class=\"elementor elementor-3771\" data-elementor-post-type=\"product\">\n\t\t\t\t<div class=\"elementor-element elementor-element-7154a53 e-flex e-con-boxed e-con e-parent\" data-id=\"7154a53\" data-element_type=\"container\" data-e-type=\"container\">\n\t\t\t\t\t<div class=\"e-con-inner\">\n\t\t\t\t<div class=\"elementor-element elementor-element-c47bb48 e-n-tabs-mobile elementor-widget elementor-widget-n-tabs\" data-id=\"c47bb48\" data-element_type=\"widget\" data-e-type=\"widget\" data-settings=\"{&quot;horizontal_scroll&quot;:&quot;disable&quot;}\" data-widget_type=\"nested-tabs.default\">\n\t\t\t\t<div class=\"elementor-widget-container\">\n\t\t\t\t\t\t\t<div class=\"e-n-tabs\" data-widget-number=\"206027592\" aria-label=\"Tabuladors. Obre elements amb Retorn o Espai, tanca amb Esc i navega amb les tecles de fletxa.\">\n\t\t\t<div class=\"e-n-tabs-heading\" role=\"tablist\">\n\t\t\t\t\t<button id=\"e-n-tab-title-2060275921\" data-tab-title-id=\"e-n-tab-title-2060275921\" class=\"e-n-tab-title\" aria-selected=\"true\" data-tab-index=\"1\" role=\"tab\" tabindex=\"0\" aria-controls=\"e-n-tab-content-2060275921\" style=\"--n-tabs-title-order: 1;\">\n\t\t\t\t\t\t<span class=\"e-n-tab-title-text\">\n\t\t\t\tObjectius\t\t\t<\/span>\n\t\t<\/button>\n\t\t\t\t<button id=\"e-n-tab-title-2060275922\" data-tab-title-id=\"e-n-tab-title-2060275922\" class=\"e-n-tab-title\" aria-selected=\"false\" data-tab-index=\"2\" role=\"tab\" tabindex=\"-1\" aria-controls=\"e-n-tab-content-2060275922\" style=\"--n-tabs-title-order: 2;\">\n\t\t\t\t\t\t<span class=\"e-n-tab-title-text\">\n\t\t\t\tDestinataris\t\t\t<\/span>\n\t\t<\/button>\n\t\t\t\t<button id=\"e-n-tab-title-2060275923\" data-tab-title-id=\"e-n-tab-title-2060275923\" class=\"e-n-tab-title\" aria-selected=\"false\" data-tab-index=\"3\" role=\"tab\" tabindex=\"-1\" aria-controls=\"e-n-tab-content-2060275923\" style=\"--n-tabs-title-order: 3;\">\n\t\t\t\t\t\t<span class=\"e-n-tab-title-text\">\n\t\t\t\tContingut\t\t\t<\/span>\n\t\t<\/button>\n\t\t\t\t\t<\/div>\n\t\t\t<div class=\"e-n-tabs-content\">\n\t\t\t\t<div id=\"e-n-tab-content-2060275921\" role=\"tabpanel\" aria-labelledby=\"e-n-tab-title-2060275921\" data-tab-index=\"1\" style=\"--n-tabs-title-order: 1;\" class=\"e-active elementor-element elementor-element-1931355 e-con-full e-flex e-con e-child\" data-id=\"1931355\" data-element_type=\"container\" data-e-type=\"container\">\n\t\t<div class=\"elementor-element elementor-element-b34ba4d e-flex e-con-boxed e-con e-child\" data-id=\"b34ba4d\" data-element_type=\"container\" data-e-type=\"container\">\n\t\t\t\t\t<div class=\"e-con-inner\">\n\t\t\t\t<div class=\"elementor-element elementor-element-2d185d5 elementor-view-default elementor-widget elementor-widget-icon\" data-id=\"2d185d5\" data-element_type=\"widget\" data-e-type=\"widget\" data-widget_type=\"icon.default\">\n\t\t\t\t<div class=\"elementor-widget-container\">\n\t\t\t\t\t\t\t<div class=\"elementor-icon-wrapper\">\n\t\t\t<div class=\"elementor-icon\">\n\t\t\t<i aria-hidden=\"true\" class=\"icon icon-target-2\"><\/i>\t\t\t<\/div>\n\t\t<\/div>\n\t\t\t\t\t\t<\/div>\n\t\t\t\t<\/div>\n\t\t\t\t<div class=\"elementor-element elementor-element-eca5a08 elementor-widget elementor-widget-heading\" data-id=\"eca5a08\" data-element_type=\"widget\" data-e-type=\"widget\" data-widget_type=\"heading.default\">\n\t\t\t\t<div class=\"elementor-widget-container\">\n\t\t\t\t\t<h2 class=\"elementor-heading-title elementor-size-default\">Objectius<\/h2>\t\t\t\t<\/div>\n\t\t\t\t<\/div>\n\t\t\t\t<div class=\"elementor-element elementor-element-f486175 elementor-widget elementor-widget-text-editor\" data-id=\"f486175\" data-element_type=\"widget\" data-e-type=\"widget\" data-widget_type=\"text-editor.default\">\n\t\t\t\t<div class=\"elementor-widget-container\">\n\t\t\t\t\t\t\t\t\t<p>Proporcionar als participants els coneixements, habilitats i actituds fonamentals, que els permetin desenvolupar amb seguretat i efic\u00e0cia les t\u00e8cniques de primers auxilis en cas necessari. Amb un llenguatge am\u00e8 i de manera pr\u00e0ctica.<\/p><h4 class=\"has-medium-font-size wp-block-heading\">\u00a0<\/h4>\t\t\t\t\t\t\t\t<\/div>\n\t\t\t\t<\/div>\n\t\t\t\t\t<\/div>\n\t\t\t\t<\/div>\n\t\t\t\t<\/div>\n\t\t<div id=\"e-n-tab-content-2060275922\" role=\"tabpanel\" aria-labelledby=\"e-n-tab-title-2060275922\" data-tab-index=\"2\" style=\"--n-tabs-title-order: 2;\" class=\" elementor-element elementor-element-0d6e5c2 e-con-full e-flex e-con e-child\" data-id=\"0d6e5c2\" data-element_type=\"container\" data-e-type=\"container\">\n\t\t\t\t<div class=\"elementor-element elementor-element-acdd226 elementor-view-default elementor-widget elementor-widget-icon\" data-id=\"acdd226\" data-element_type=\"widget\" data-e-type=\"widget\" data-widget_type=\"icon.default\">\n\t\t\t\t<div class=\"elementor-widget-container\">\n\t\t\t\t\t\t\t<div class=\"elementor-icon-wrapper\">\n\t\t\t<div class=\"elementor-icon\">\n\t\t\t<i aria-hidden=\"true\" class=\"icon icon-users\"><\/i>\t\t\t<\/div>\n\t\t<\/div>\n\t\t\t\t\t\t<\/div>\n\t\t\t\t<\/div>\n\t\t<div class=\"elementor-element elementor-element-149405d e-con-full e-flex e-con e-child\" data-id=\"149405d\" data-element_type=\"container\" data-e-type=\"container\">\n\t\t\t\t<div class=\"elementor-element elementor-element-0b9b422 elementor-widget elementor-widget-heading\" data-id=\"0b9b422\" data-element_type=\"widget\" data-e-type=\"widget\" data-widget_type=\"heading.default\">\n\t\t\t\t<div class=\"elementor-widget-container\">\n\t\t\t\t\t<h2 class=\"elementor-heading-title elementor-size-default\">Destinataris<\/h2>\t\t\t\t<\/div>\n\t\t\t\t<\/div>\n\t\t\t\t<div class=\"elementor-element elementor-element-d1451b9 elementor-widget elementor-widget-text-editor\" data-id=\"d1451b9\" data-element_type=\"widget\" data-e-type=\"widget\" data-widget_type=\"text-editor.default\">\n\t\t\t\t<div class=\"elementor-widget-container\">\n\t\t\t\t\t\t\t\t\t<p>Professionals, voluntaris i estudiants que en l\u2019exercici de les seves tasques es poden trobar amb pacients en situaci\u00f3 de emerg\u00e8ncia, treballadors amb responsabilitat a les empreses en aspectes de prevenci\u00f3 de riscos laborals, i ciutadans que vulguin adquirir compet\u00e8ncies en la pr\u00e0ctica de primers auxilis.<\/p>\t\t\t\t\t\t\t\t<\/div>\n\t\t\t\t<\/div>\n\t\t\t\t<\/div>\n\t\t\t\t<\/div>\n\t\t<div id=\"e-n-tab-content-2060275923\" role=\"tabpanel\" aria-labelledby=\"e-n-tab-title-2060275923\" data-tab-index=\"3\" style=\"--n-tabs-title-order: 3;\" class=\" elementor-element elementor-element-148f6b9 e-con-full e-flex e-con e-child\" data-id=\"148f6b9\" data-element_type=\"container\" data-e-type=\"container\">\n\t\t<div class=\"elementor-element elementor-element-43b18b0 e-con-full e-flex e-con e-child\" data-id=\"43b18b0\" data-element_type=\"container\" data-e-type=\"container\">\n\t\t\t\t<div class=\"elementor-element elementor-element-891d9a9 elementor-view-default elementor-widget elementor-widget-icon\" data-id=\"891d9a9\" data-element_type=\"widget\" data-e-type=\"widget\" data-widget_type=\"icon.default\">\n\t\t\t\t<div class=\"elementor-widget-container\">\n\t\t\t\t\t\t\t<div class=\"elementor-icon-wrapper\">\n\t\t\t<div class=\"elementor-icon\">\n\t\t\t<i aria-hidden=\"true\" class=\"icon icon-page-list\"><\/i>\t\t\t<\/div>\n\t\t<\/div>\n\t\t\t\t\t\t<\/div>\n\t\t\t\t<\/div>\n\t\t\t\t<div class=\"elementor-element elementor-element-0523ff7 elementor-widget elementor-widget-heading\" data-id=\"0523ff7\" data-element_type=\"widget\" data-e-type=\"widget\" data-widget_type=\"heading.default\">\n\t\t\t\t<div class=\"elementor-widget-container\">\n\t\t\t\t\t<h2 class=\"elementor-heading-title elementor-size-default\">Contingut<\/h2>\t\t\t\t<\/div>\n\t\t\t\t<\/div>\n\t\t\t\t<div class=\"elementor-element elementor-element-23ab537 elementor-widget elementor-widget-text-editor\" data-id=\"23ab537\" data-element_type=\"widget\" data-e-type=\"widget\" data-widget_type=\"text-editor.default\">\n\t\t\t\t<div class=\"elementor-widget-container\">\n\t\t\t\t\t\t\t\t\t<ol><li><p>Protegir, avisar i soc\u00f3rrer<\/p><\/li><li><p>Avaluaci\u00f3 prim\u00e0ria i secund\u00e0ria<\/p><\/li><li><p>Suport Vital B\u00e0sic adult<\/p><\/li><li><p>\u00das del DEA a l\u2019adult<\/p><\/li><li><p>Obstrucci\u00f3 de la via a\u00e8ria<\/p><\/li><li><p>Primers auxilis<\/p><ul class=\"wp-block-list\"><li>Hemorr\u00e0gies<\/li><li>Cremades<\/li><li>Ferides<\/li><li>Fractures \/ luxacions i esquin\u00e7os<\/li><li>Botiqu\u00ed<\/li><\/ul><\/li><\/ol>\t\t\t\t\t\t\t\t<\/div>\n\t\t\t\t<\/div>\n\t\t\t\t<\/div>\n\t\t\t\t<\/div>\n\t\t\t\t\t<\/div>\n\t\t<\/div>\n\t\t\t\t\t\t<\/div>\n\t\t\t\t<\/div>\n\t\t\t\t\t<\/div>\n\t\t\t\t<\/div>\n\t\t\t\t<\/div>\n\t\t","protected":false},"excerpt":{"rendered":"<p><span style=\"font-weight: 400;\">Taller divulgatiu per aportar els coneixements, habilitats i actituds fonamentals, que els permetin desenvolupar amb seguretat i efic\u00e0cia les t\u00e8cniques de primers auxilis en cas necessari. Amb un llenguatge am\u00e8 i de manera pr\u00e0ctica.<\/span><\/p>\n","protected":false},"featured_media":3772,"template":"","meta":{"_acf_changed":false},"product_brand":[],"product_cat":[52,77],"product_tag":[69],"class_list":{"0":"post-3771","1":"product","2":"type-product","3":"status-publish","4":"has-post-thumbnail","6":"product_cat-primers-auxilis-i-cardioproteccio","7":"product_cat-tallers-divulgatius","8":"product_tag-presencial","10":"first","11":"instock","12":"virtual","13":"product-type-simple"},"acf":[],"yoast_head":"<!-- This site is optimized with the Yoast SEO plugin v26.9 - https:\/\/yoast.com\/product\/yoast-seo-wordpress\/ -->\n<title>Taller divulgatiu sobre primers auxilis - Mutuacat Empresa<\/title>\n<meta name=\"description\" content=\"Taller presencial per aportar els coneixements que permetin desenvolupar amb seguretat i efic\u00e0cia les t\u00e8cniques de primers auxilis en cas necessari\" \/>\n<meta name=\"robots\" content=\"index, follow, max-snippet:-1, max-image-preview:large, max-video-preview:-1\" \/>\n<link rel=\"canonical\" href=\"https:\/\/www.mutuacat.cat\/empresa\/formacio\/taller-divulgatiu-primers-auxilis\/\" \/>\n<meta property=\"og:locale\" content=\"ca_ES\" \/>\n<meta property=\"og:type\" content=\"article\" \/>\n<meta property=\"og:title\" content=\"Taller divulgatiu sobre primers auxilis - Mutuacat Empresa\" \/>\n<meta property=\"og:description\" content=\"Taller presencial per aportar els coneixements que permetin desenvolupar amb seguretat i efic\u00e0cia les t\u00e8cniques de primers auxilis en cas necessari\" \/>\n<meta property=\"og:url\" content=\"https:\/\/www.mutuacat.cat\/empresa\/formacio\/taller-divulgatiu-primers-auxilis\/\" \/>\n<meta property=\"og:site_name\" content=\"Mutuacat Empresa\" \/>\n<meta property=\"article:modified_time\" content=\"2025-12-23T10:46:43+00:00\" \/>\n<meta property=\"og:image\" content=\"https:\/\/www.mutuacat.cat\/empresa\/wp-content\/uploads\/2025\/12\/Adan-Instagram-posts-1-768x768-1.png\" \/>\n\t<meta property=\"og:image:width\" content=\"768\" \/>\n\t<meta property=\"og:image:height\" content=\"768\" \/>\n\t<meta property=\"og:image:type\" content=\"image\/png\" \/>\n<meta name=\"twitter:card\" content=\"summary_large_image\" \/>\n<meta name=\"twitter:label1\" content=\"Temps estimat de lectura\" \/>\n\t<meta name=\"twitter:data1\" content=\"2 minuts\" \/>\n<script type=\"application\/ld+json\" class=\"yoast-schema-graph\">{\"@context\":\"https:\/\/schema.org\",\"@graph\":[{\"@type\":\"WebPage\",\"@id\":\"https:\/\/www.mutuacat.cat\/empresa\/formacio\/taller-divulgatiu-primers-auxilis\/\",\"url\":\"https:\/\/www.mutuacat.cat\/empresa\/formacio\/taller-divulgatiu-primers-auxilis\/\",\"name\":\"Taller divulgatiu sobre primers auxilis - Mutuacat Empresa\",\"isPartOf\":{\"@id\":\"https:\/\/www.mutuacat.cat\/empresa\/#website\"},\"primaryImageOfPage\":{\"@id\":\"https:\/\/www.mutuacat.cat\/empresa\/formacio\/taller-divulgatiu-primers-auxilis\/#primaryimage\"},\"image\":{\"@id\":\"https:\/\/www.mutuacat.cat\/empresa\/formacio\/taller-divulgatiu-primers-auxilis\/#primaryimage\"},\"thumbnailUrl\":\"https:\/\/www.mutuacat.cat\/empresa\/wp-content\/uploads\/2025\/12\/Adan-Instagram-posts-1-768x768-1.png\",\"datePublished\":\"2025-12-22T10:37:25+00:00\",\"dateModified\":\"2025-12-23T10:46:43+00:00\",\"description\":\"Taller presencial per aportar els coneixements que permetin desenvolupar amb seguretat i efic\u00e0cia les t\u00e8cniques de primers auxilis en cas necessari\",\"breadcrumb\":{\"@id\":\"https:\/\/www.mutuacat.cat\/empresa\/formacio\/taller-divulgatiu-primers-auxilis\/#breadcrumb\"},\"inLanguage\":\"ca\",\"potentialAction\":[{\"@type\":\"ReadAction\",\"target\":[\"https:\/\/www.mutuacat.cat\/empresa\/formacio\/taller-divulgatiu-primers-auxilis\/\"]}]},{\"@type\":\"ImageObject\",\"inLanguage\":\"ca\",\"@id\":\"https:\/\/www.mutuacat.cat\/empresa\/formacio\/taller-divulgatiu-primers-auxilis\/#primaryimage\",\"url\":\"https:\/\/www.mutuacat.cat\/empresa\/wp-content\/uploads\/2025\/12\/Adan-Instagram-posts-1-768x768-1.png\",\"contentUrl\":\"https:\/\/www.mutuacat.cat\/empresa\/wp-content\/uploads\/2025\/12\/Adan-Instagram-posts-1-768x768-1.png\",\"width\":768,\"height\":768},{\"@type\":\"BreadcrumbList\",\"@id\":\"https:\/\/www.mutuacat.cat\/empresa\/formacio\/taller-divulgatiu-primers-auxilis\/#breadcrumb\",\"itemListElement\":[{\"@type\":\"ListItem\",\"position\":1,\"name\":\"Inici\",\"item\":\"https:\/\/www.mutuacat.cat\/empresa\/\"},{\"@type\":\"ListItem\",\"position\":2,\"name\":\"Formaci\u00f3\",\"item\":\"https:\/\/www.mutuacat.cat\/empresa\/formacio\/\"},{\"@type\":\"ListItem\",\"position\":3,\"name\":\"Taller divulgatiu: Primers Auxilis\"}]},{\"@type\":\"WebSite\",\"@id\":\"https:\/\/www.mutuacat.cat\/empresa\/#website\",\"url\":\"https:\/\/www.mutuacat.cat\/empresa\/\",\"name\":\"Mutuacat Empresa\",\"description\":\"\",\"potentialAction\":[{\"@type\":\"SearchAction\",\"target\":{\"@type\":\"EntryPoint\",\"urlTemplate\":\"https:\/\/www.mutuacat.cat\/empresa\/?s={search_term_string}\"},\"query-input\":{\"@type\":\"PropertyValueSpecification\",\"valueRequired\":true,\"valueName\":\"search_term_string\"}}],\"inLanguage\":\"ca\"}]}<\/script>\n<!-- \/ Yoast SEO plugin. -->","yoast_head_json":{"title":"Taller divulgatiu sobre primers auxilis - Mutuacat Empresa","description":"Taller presencial per aportar els coneixements que permetin desenvolupar amb seguretat i efic\u00e0cia les t\u00e8cniques de primers auxilis en cas necessari","robots":{"index":"index","follow":"follow","max-snippet":"max-snippet:-1","max-image-preview":"max-image-preview:large","max-video-preview":"max-video-preview:-1"},"canonical":"https:\/\/www.mutuacat.cat\/empresa\/formacio\/taller-divulgatiu-primers-auxilis\/","og_locale":"ca_ES","og_type":"article","og_title":"Taller divulgatiu sobre primers auxilis - Mutuacat Empresa","og_description":"Taller presencial per aportar els coneixements que permetin desenvolupar amb seguretat i efic\u00e0cia les t\u00e8cniques de primers auxilis en cas necessari","og_url":"https:\/\/www.mutuacat.cat\/empresa\/formacio\/taller-divulgatiu-primers-auxilis\/","og_site_name":"Mutuacat Empresa","article_modified_time":"2025-12-23T10:46:43+00:00","og_image":[{"width":768,"height":768,"url":"https:\/\/www.mutuacat.cat\/empresa\/wp-content\/uploads\/2025\/12\/Adan-Instagram-posts-1-768x768-1.png","type":"image\/png"}],"twitter_card":"summary_large_image","twitter_misc":{"Temps estimat de lectura":"2 minuts"},"schema":{"@context":"https:\/\/schema.org","@graph":[{"@type":"WebPage","@id":"https:\/\/www.mutuacat.cat\/empresa\/formacio\/taller-divulgatiu-primers-auxilis\/","url":"https:\/\/www.mutuacat.cat\/empresa\/formacio\/taller-divulgatiu-primers-auxilis\/","name":"Taller divulgatiu sobre primers auxilis - Mutuacat Empresa","isPartOf":{"@id":"https:\/\/www.mutuacat.cat\/empresa\/#website"},"primaryImageOfPage":{"@id":"https:\/\/www.mutuacat.cat\/empresa\/formacio\/taller-divulgatiu-primers-auxilis\/#primaryimage"},"image":{"@id":"https:\/\/www.mutuacat.cat\/empresa\/formacio\/taller-divulgatiu-primers-auxilis\/#primaryimage"},"thumbnailUrl":"https:\/\/www.mutuacat.cat\/empresa\/wp-content\/uploads\/2025\/12\/Adan-Instagram-posts-1-768x768-1.png","datePublished":"2025-12-22T10:37:25+00:00","dateModified":"2025-12-23T10:46:43+00:00","description":"Taller presencial per aportar els coneixements que permetin desenvolupar amb seguretat i efic\u00e0cia les t\u00e8cniques de primers auxilis en cas necessari","breadcrumb":{"@id":"https:\/\/www.mutuacat.cat\/empresa\/formacio\/taller-divulgatiu-primers-auxilis\/#breadcrumb"},"inLanguage":"ca","potentialAction":[{"@type":"ReadAction","target":["https:\/\/www.mutuacat.cat\/empresa\/formacio\/taller-divulgatiu-primers-auxilis\/"]}]},{"@type":"ImageObject","inLanguage":"ca","@id":"https:\/\/www.mutuacat.cat\/empresa\/formacio\/taller-divulgatiu-primers-auxilis\/#primaryimage","url":"https:\/\/www.mutuacat.cat\/empresa\/wp-content\/uploads\/2025\/12\/Adan-Instagram-posts-1-768x768-1.png","contentUrl":"https:\/\/www.mutuacat.cat\/empresa\/wp-content\/uploads\/2025\/12\/Adan-Instagram-posts-1-768x768-1.png","width":768,"height":768},{"@type":"BreadcrumbList","@id":"https:\/\/www.mutuacat.cat\/empresa\/formacio\/taller-divulgatiu-primers-auxilis\/#breadcrumb","itemListElement":[{"@type":"ListItem","position":1,"name":"Inici","item":"https:\/\/www.mutuacat.cat\/empresa\/"},{"@type":"ListItem","position":2,"name":"Formaci\u00f3","item":"https:\/\/www.mutuacat.cat\/empresa\/formacio\/"},{"@type":"ListItem","position":3,"name":"Taller divulgatiu: Primers Auxilis"}]},{"@type":"WebSite","@id":"https:\/\/www.mutuacat.cat\/empresa\/#website","url":"https:\/\/www.mutuacat.cat\/empresa\/","name":"Mutuacat Empresa","description":"","potentialAction":[{"@type":"SearchAction","target":{"@type":"EntryPoint","urlTemplate":"https:\/\/www.mutuacat.cat\/empresa\/?s={search_term_string}"},"query-input":{"@type":"PropertyValueSpecification","valueRequired":true,"valueName":"search_term_string"}}],"inLanguage":"ca"}]}},"_links":{"self":[{"href":"https:\/\/www.mutuacat.cat\/empresa\/wp-json\/wp\/v2\/product\/3771","targetHints":{"allow":["GET"]}}],"collection":[{"href":"https:\/\/www.mutuacat.cat\/empresa\/wp-json\/wp\/v2\/product"}],"about":[{"href":"https:\/\/www.mutuacat.cat\/empresa\/wp-json\/wp\/v2\/types\/product"}],"version-history":[{"count":6,"href":"https:\/\/www.mutuacat.cat\/empresa\/wp-json\/wp\/v2\/product\/3771\/revisions"}],"predecessor-version":[{"id":3817,"href":"https:\/\/www.mutuacat.cat\/empresa\/wp-json\/wp\/v2\/product\/3771\/revisions\/3817"}],"wp:featuredmedia":[{"embeddable":true,"href":"https:\/\/www.mutuacat.cat\/empresa\/wp-json\/wp\/v2\/media\/3772"}],"wp:attachment":[{"href":"https:\/\/www.mutuacat.cat\/empresa\/wp-json\/wp\/v2\/media?parent=3771"}],"wp:term":[{"taxonomy":"product_brand","embeddable":true,"href":"https:\/\/www.mutuacat.cat\/empresa\/wp-json\/wp\/v2\/product_brand?post=3771"},{"taxonomy":"product_cat","embeddable":true,"href":"https:\/\/www.mutuacat.cat\/empresa\/wp-json\/wp\/v2\/product_cat?post=3771"},{"taxonomy":"product_tag","embeddable":true,"href":"https:\/\/www.mutuacat.cat\/empresa\/wp-json\/wp\/v2\/product_tag?post=3771"}],"curies":[{"name":"wp","href":"https:\/\/api.w.org\/{rel}","templated":true}]}}